*r - 4*r + 4, -5*r - 30 = -5*w. Let q(a) = 2*a**w + 3*a + 3 + u - a**2. Give q(-4).
7
Suppose 5*i = -15 - 0. Let y(s) = 2*s - 3*s + 3*s**2 + 2 - 3 - 1 + s**3. Determine y(i).
1
Let v(z) = -20*z + 21. Suppose -4*s = -s - 51. Let r(q) = 7*q - 7. Let n(g) = s*r(g) + 6*v(g). Give n(6).
1
Let t(h) = -8*h**2 - 1. Let l = -1 + -5. Let q(p) = -17*p**2 - 2. Let f(k) = l*q(k) + 13*t(k). Let z be f(1). Let v(x) = x**2 + 7*x - 1. Calculate v(z).
-13
Suppose 0*o + 2*o = 2. Let i(k) = 2*k**3 + k**2 - 2*k + 1. What is i(o)?
2
Let n = 18 + -24. Let z(b) = 0*b - 3*b + 2*b - 10. Determine z(n).
-4
Let t(n) = -n - 4. Let p be t(-6). Let g(u) = -1 + 2*u**2 + 3*u**2 + 3*u - u**p + u**3. Let y be g(-3). Let r(l) = -5*l**3 + l + 1. What is r(y)?
5
Let u = 5 - 7. Let w = 2 + u. Let t(d) = 0*d**2 - 7*d**2 + 6*d**2 + 3. Determine t(w).
3
Suppose 0 = -0*h - 5*h - 5. Let j(b) be the first derivative of 7*b**3/3 - b**2 - b - 1. What is j(h)?
8
Let k(o) = o**2 - 2*o + 2. Let h be k(3). Let b be h/(3/(-4 + 1)). Let d(x) = -x**2 - 2*x + 6. What is d(b)?
-9
Let f = 139 - 137. Let b(o) = -4*o**3 + o**2 + 3*o - 2. Calculate b(f).
-24
Let a be 2*(0 + -4 + 3). Let d(i) = -2*i**2 - 3*i - 1. What is d(a)?
-3
Let h(m) = 3*m + 3*m - 2*m. Suppose -3 = -3*r - 0. Determine h(r).
4
Let s(d) = -d**3 - 20*d**2 - 18*d + 25. Let y be s(-19). Let u(n) = -3*n + 4. Determine u(y).
-14
Let v(b) be the first derivative of 0*b - 6 - 1/2*b**2. Give v(0).
0
Let j(v) = 3*v**2 + 5*v + 4. Suppose -5*m - 12 = 3. Give j(m).
16
Suppose -3*b = -11*b - 48. Let y(x) = -x**2 - 6*x - 1. Determine y(b).
-1
Let p be (-1)/(-1 - (-3)/6). Let j(y) = 4 - 4*y**2 + y**2 - y + p*y**2. Determine j(0).
4
Let p(f) be the third derivative of -f**4/8 + f**3 + 24*f**2. Determine p(4).
-6
Let x(k) = 2 - 7 + 2 + k**2 - k. Let v = -82 + 85. Calculate x(v).
3
Let s(g) = -g**3 + g**2 - 2*g + 6. Let r be s(0). Let w(n) = 4 - 9*n + n**2 - 4 - 3 + r. Give w(6).
-15
Let f(p) = -20*p**3 + 9*p**2 - 17*p - 6. Let j(o) = -7*o**3 + 3*o**2 - 6*o - 2. Let h(d) = 6*f(d) - 17*j(d). Determine h(2).
2
Let j = 1 - 3. Let q be (-3)/(j + 2 - 1). Let w(f) = f**2 - 4*f - 3. What is w(q)?
-6
Let f(p) = -p**3 + 5*p**2 + 7*p + 2. Suppose 4*k + 3*m - 24 = 4, 3*k = 3*m. Let w be 9/(-6)*8/(-6). Let r = w + k. What is f(r)?
8
Let b(x) = 7*x**3 + 5*x**2 - 8*x + 2. Let t(p) = 20*p**3 + 14*p**2 - 23*p + 6. Let h(l) = 17*b(l) - 6*t(l). Determine h(2).
-2
Let t(a) = a**2 - 9*a - 20. Let m be t(11). Let s(x) = x**2 - 2 + x**3 + 6*x - 4*x**m - 5*x. What is s(3)?
1
Suppose -3*f = 3*f - 30. Suppose 5*w - 4*h - 28 = w, 35 = f*w - 4*h. Let b(n) = -n + 12. Give b(w).
5
Let t(l) = -l**2 - 4*l + 1. Suppose 3*k + 6 = 0, 5*u + 0*k = k + 77. Let b be ((-8)/(-10))/(6/u). Suppose -7 = b*y - 1. What is t(y)?
4
Let w(l) = 2 + 2 - 3 - 2 + l. Let a = 1 - 8. Calculate w(a).
-8
Let r = -2 - -5. Let h(c) = -4*c**3 - 3 - 5*c**2 - 2*c + 7 + 5*c**r. Give h(5).
-6
Let o(d) = -2*d**3 - 2*d**2 + d + 5*d**2 + 3*d**3 + 4 - 2*d. Determine o(-3).
7
Suppose -5*j = -3*j - 4*x + 14, -4*j = 4*x + 16. Let o(h) = h**3 + 4*h**2 - 4*h + 4. Calculate o(j).
-1
Suppose 4*w + 29 = -3. Let z(b) = b**2 + 8*b - 2. Give z(w).
-2
Let q(y) = y**3 + 1. Let h = -2 + 2. Let c be h - (1 - (3 + 0)). Suppose 4*v - 20 = 2*n, -c*n - 2*v + 14 = -5*n. Give q(n).
-7
Let s(b) = -3*b + 14*b - 7*b + 1 - 3*b. Give s(-1).
0
Let k(d) = d - 3. Suppose -2*h + 5*l + 1 = 0, 0 = 3*h - 4*l + 2*l - 7. Give k(h).
0
Let s(q) = 2*q + 9. Let d(j) = -3*j - 13. Let a(r) = 5*d(r) + 8*s(r). Let h be (-1 - 5) + -7*1/(-7). Determine a(h).
2
Suppose 0 = 3*m - 6*m. Let a(v) = v - 1 + 0 - 3. What is a(m)?
-4
Let n(b) = b**3 - 5*b**2 + 5*b - 2. Suppose 3*k + 0*k = 9. Give n(k).
-5
Let s be (0 - 1)/(11 + -12) - 6. Let l(v) = -v**3 - 4*v**2 + 3*v - 5. What is l(s)?
5
Let h(b) = -b**2 + 8*b - 9. Let l be h(6). Let a(o) = -o - 5 + 1 + 3 + l. Calculate a(2).
0
Let k(t) = -2*t**2 + 7*t + 15. Let o(a) = 3*a**2 - 14*a - 27. Let x(w) = -5*k(w) - 3*o(w). Suppose 3*d - 3*r = -21, -r + 6*r = -2*d - 7. Calculate x(d).
0
Let g(b) = 10*b**2 + 1. Suppose -j - 16 - 1 = -4*i, -j + 5*i = 21. Give g(j).
11
Let s(h) = 3 - 4*h**2 - h + h**2 - 1 + 0. Suppose -3*r + r = -16. Suppose r = -6*f + 2*f. Calculate s(f).
-8
Let r(z) be the third derivative of z**4/4 + z**3/6 - z**2. Give r(-1).
-5
Let p be (10 - 10) + (-4)/(-1). Let u(f) = -8*f + p*f**2 - 3*f**2 + 4*f + 4 + 11*f. Suppose 0 = 4*z + 2*w + 32, w + 18 = -5*z + 4*w. Determine u(z).
-2
Let z(u) = -u + 5. Let w(l) = -1. Let d(f) = -4*w(f) - z(f). What is d(0)?
-1
Let t be -7 + -4*(-12)/16. Let q(b) = b + 2. Let w be q(t). Let j(y) = y**3 + 2*y**2 + y. Determine j(w).
-2
Let n(i) be the third derivative of -i**6/120 - i**5/15 - i**4/8 + i**3/3 - 2*i**2. Suppose -5*j = -3*j - 6. Suppose 0*b = b + j. Give n(b).
2
Let z(u) be the third derivative of u**5/60 + u**4/24 - 15*u**2. Let a be (1*(-1)/1)/1. Let x(g) = -5*g**2 - 2*g + 1. Let v(c) = a*x(c) - 6*z(c). Give v(-5).
-6
Let j(p) = 4*p. Let a(f) = -19*f - 3. Let x(s) = -a(s) - 5*j(s). Suppose -2*o + 0*o = 0. Suppose 2*d + o*d = 12. Give x(d).
-3
Suppose 2*y + 2 = 3*y. Let s(v) be the third derivative of v**5/20 - v**4/12 - v**3/3 - 2*v**2. What is s(y)?
6
Let p(i) = 4 - 2*i + 0*i - 14. What is p(-7)?
4
Let i(b) = -8*b**2 - b - 1. Suppose 3*q - 1 = -x - 2, 2*q + 4 = x. Calculate i(q).
-8
Let p(f) = f**3 - 6*f**2 - 2. Let l = -20 - -26. Determine p(l).
-2
Suppose 0 = z + 2*z - 5*v + 10, v - 30 = -5*z. Let l(s) = 2 + 5*s - s**2 + 0*s + 3. Let q be l(z). Let k(h) = h**2 - 6*h - 2. What is k(q)?
-7
Let b be (-16)/(-6) + 4/(-6). Suppose 36 = 3*u - 3*v, 4*u + v + 0*v - 33 = 0. Suppose 4*g + m = -13, -g - 1 = -b*m + u. Let l(p) = p**2 + 6*p + 5. Give l(g).
-3
Let a(c) = -c - 6 + 0 + 3. Let h be (-6)/9*(-45)/10. Give a(h).
-6
Let q(a) = -a**2 - a + 10. Let w be ((-2)/(-4) - 0)*0. Suppose w = -5*v + 2*v - 9. Let p = 3 + v. Determine q(p).
10
Let m(p) = p**3 + 3*p**2 + 3*p - 5. Let b(o) = 3*o**3 + 5*o**2 + 6*o - 11. Let d(y) = -2*b(y) + 5*m(y). Give d(5).
12
Let w(q) be the first derivative of -2*q**3/3 - 3*q**2/2 - 8. Calculate w(-2).
-2
Let n(v) = -v - 8. Let o be n(-11). Let w(j) = j - j**o + 0 + 8 - 1. Determine w(0).
7
Let a(q) = -q**3 + 7*q**2 + 10*q - 10. Let r be a(8). Let p(v) = -v**2 + 9*v - 7. What is p(r)?
11
Let m(n) = -2*n - 7. Suppose -14 = -11*k + 13*k. Give m(k).
7
Let h be 10 + (1 - 0)*-1. Let r = 9 - h. Let y(d) = -3*d**2 + 1 + d - d**3 + 3*d**2 + d**2. Determine y(r).
1
Let j(g) = -6*g**2 + 3*g + g - g**3 + 4 + 11*g**2. Calculate j(6).
-8
Let h(f) be the third derivative of f**5/60 + f**4/4 + 4*f**3/3 + f**2. Determine h(-6).
8
Let t(a) = a**2 - 6*a + 5. Suppose -c = -10 + 4. What is t(c)?
5
Let j(t) = t**3 + 7*t**2 - 2*t - 8. Suppose -17 = 3*m - 2*m - 5*x, 0 = -5*x + 10. What is j(m)?
6
Let a(f) = 5*f. Suppose 3*p + 3*l - 3 = 0, -3*l - 2 = -p - 1. Determine a(p).
5
Suppose 0 = 15*n - 5*n - 30. Let d(z) be the first derivative of n + 3/2*z**2 + z. Calculate d(-3).
-8
Let p(t) = -t**3 - 6*t**2 - 2*t + 1. Suppose -4 + 16 = f. Let j be (-1)/((-2 - -4)/f). What is p(j)?
13
Let k(l) = 14 - 21 + 8*l**3 + 6. Give k(1).
7
Let v(u) = u + 3. Let t(c) = c**3 + 8*c**2 + 7*c + 6. Let i be t(-7). Suppose -5*l = 4*q, 2*q = l - 2*l - i. What is v(q)?
-2
Let r(x) be the first derivative of -x**2/2 + 8*x - 8. Give r(-6).
14
Let u be (1*2)/((-6)/(-12)). Let l be u/10 - 90/(-25). Let h(z) = -z**3 + 3*z**2 + 5*z + 3. Calculate h(l).
7
Let b(f) = -f**2 - 6. Let t = -10 + 11. Let g be 3 + -2 - (0 + t). Determine b(g).
-6
Let f(t) = -t**3 + 6*t**2 - 5*t - 1. Suppose n = -4*c - 11, -c = -4*n - 11 + 35. Determine f(n).
-1
Let c(b) = -b**2 + 6*b + 12. Let r be c(9). Let s be 1/3 - 10/r. Let f(a) = a - 6 - s - 2 + 0. Give f(0).
-9
Let i(z) = -2*z**2 - 11*z + 8. Let u(g) = g**2 + 10*g - 7. Let n(f) = 3*i(f) + 4*u(f). What is n(4)?
-8
Let m(c) be the third derivative of -c**6/120 + c**5/15 + c**4/4 - c**3/3 + 23*c**2. Give m(5).
3
Let q = 13 - 10. Suppose -14 = 5*y - q*y. Let k(c) = c**3 + 8*c**2 + 8*c. Determine k(y).
-7
Let s(r) = r**2 + r + 2. Suppose 0 = 11*h - 5*h. Determine s(h).
2
Suppose 3*y = -20 + 2. Let z(w) = -w. Determine z(y).
6
Let y be -6 + 5 - 605/(-600). Let i(h) be the third derivative of -y*h**6 + 0 + 0*h - 1/8*h**4 + 2*h**2 - 1/2*h**3 - 1/12*h**5. Calculate i(-3).
